{"id":60,"date":"2020-02-11T13:39:13","date_gmt":"2020-02-11T12:39:13","guid":{"rendered":"http:\/\/www.reid.mobi\/?page_id=60"},"modified":"2024-02-13T09:09:12","modified_gmt":"2024-02-13T07:09:12","slug":"jungschutzen","status":"publish","type":"page","link":"https:\/\/www.sgmaennedorf.ch\/index.php\/jungschutzen\/","title":{"rendered":"Jungsch\u00fctzen"},"content":{"rendered":"\n<p style=\"font-size:18px\">Jungsch\u00fctzenkurse sind von der Schweizer Armee unterst\u00fctzte Kurse, welche allen 15 bis 20 J\u00e4hrigen Schweizerb\u00fcrgerinnen und Schweizerb\u00fcrgern als milit\u00e4rische Vorausbildung angeboten werden. Mit der Organisation und Durchf\u00fchrung der anerkannten \u00f6rtlichen Schiessvereine sind speziell ausgebildeten Jungsch\u00fctzenleiter beauftragt. Jeder angemeldete Jungsch\u00fctz erh\u00e4lt f\u00fcr die Dauer des Kurses ein Sturmgewehr 90 als Leihwaffe. Die Kurse sind GRATIS, dauern in der Regel von M\u00e4rz bis August und sind Milit\u00e4rversichert. Nebst dem offiziellen Kursprogramm wird auch das Kantonale Wettschiessen, das Feldschiessen sowie das Obligatorische Programm geschossen. Jeder Teilnehmer muss mindestens vier Schiess-Uebungen besuchen.<br>Alle Jungsch\u00fctzenleiter und Schiesslehrer sind bem\u00fcht den Jugendlichen Teilnehmern einen interessanten Kurs zu bieten.<\/p>\n\n\n\n<p style=\"font-size:18px\">Die Jungsch\u00fctzen werden in Zusammenarbeit mit der SG St\u00e4fa ausgebildet.<br>Interessierte Jugendliche melden sich bei der Jungsch\u00fctzenleiter in St\u00e4fa, Werner Saxer.<\/p>\n\n\n\n<p style=\"font-size:18px\">Hier anmelden: <a href=\"https:\/\/www.sgstaefa.ch\/Ueber-uns\/Jungschuetzen\/\">https:\/\/www.sgstaefa.ch\/Ueber-uns\/Jungschuetzen\/<\/a><\/p>\n\n\n\n<p><\/p>\n","protected":false},"excerpt":{"rendered":"<p>Jungsch\u00fctzenkurse sind von der Schweizer Armee unterst\u00fctzte Kurse, welche allen 15 bis 20 J\u00e4hrigen Schweizerb\u00fcrgerinnen und Schweizerb\u00fcrgern als milit\u00e4rische Vorausbildung&hellip;<\/p>\n","protected":false},"author":1,"featured_media":223,"parent":0,"menu_order":0,"comment_status":"closed","ping_status":"closed","template":"","meta":{"ngg_post_thumbnail":0,"footnotes":""},"class_list":["post-60","page","type-page","status-publish","has-post-thumbnail","hentry"],"_links":{"self":[{"href":"https:\/\/www.sgmaennedorf.ch\/index.php\/wp-json\/wp\/v2\/pages\/60","targetHints":{"allow":["GET"]}}],"collection":[{"href":"https:\/\/www.sgmaennedorf.ch\/index.php\/wp-json\/wp\/v2\/pages"}],"about":[{"href":"https:\/\/www.sgmaennedorf.ch\/index.php\/wp-json\/wp\/v2\/types\/page"}],"author":[{"embeddable":true,"href":"https:\/\/www.sgmaennedorf.ch\/index.php\/wp-json\/wp\/v2\/users\/1"}],"replies":[{"embeddable":true,"href":"https:\/\/www.sgmaennedorf.ch\/index.php\/wp-json\/wp\/v2\/comments?post=60"}],"version-history":[{"count":2,"href":"https:\/\/www.sgmaennedorf.ch\/index.php\/wp-json\/wp\/v2\/pages\/60\/revisions"}],"predecessor-version":[{"id":989,"href":"https:\/\/www.sgmaennedorf.ch\/index.php\/wp-json\/wp\/v2\/pages\/60\/revisions\/989"}],"wp:featuredmedia":[{"embeddable":true,"href":"https:\/\/www.sgmaennedorf.ch\/index.php\/wp-json\/wp\/v2\/media\/223"}],"wp:attachment":[{"href":"https:\/\/www.sgmaennedorf.ch\/index.php\/wp-json\/wp\/v2\/media?parent=60"}],"curies":[{"name":"wp","href":"https:\/\/api.w.org\/{rel}","templated":true}]}}