{"id":64,"date":"2020-02-11T13:40:39","date_gmt":"2020-02-11T12:40:39","guid":{"rendered":"http:\/\/www.reid.mobi\/?page_id=64"},"modified":"2021-03-18T11:37:55","modified_gmt":"2021-03-18T10:37:55","slug":"links","status":"publish","type":"page","link":"https:\/\/www.sgmaennedorf.ch\/index.php\/links\/","title":{"rendered":"Links"},"content":{"rendered":"\n<p style=\"font-size:18px\"><strong>Klicken Sie hier, um unsere Crossiety-Gruppe zu besuchen: <\/strong><a href=\"https:\/\/crossiety.app\/groups\/11186\">https:\/\/crossiety.app\/groups\/11186<\/a><\/p>\n\n\n\n<p style=\"font-size:18px\"><strong>Sch\u00fctzenvereine in der Umgebung<\/strong><\/p>\n\n\n\n<figure class=\"wp-block-table\"><table><tbody><tr><td><a href=\"http:\/\/sg-hombrechtikon.ch\">Sch\u00fctzengesellschaft Hombrechtikon<\/a><\/td><td>Partner Verein &#8211; 300M<\/td><\/tr><tr><td><a href=\"http:\/\/www.msvoetwil.ch\/\" target=\"_blank\" rel=\"noreferrer noopener\" aria-label=\" (opens in a new tab)\">Milit\u00e4r Schiessverein Oetwil am See<\/a><\/td><td> Partner Verein &#8211; 300M <\/td><\/tr><tr><td><a href=\"https:\/\/www.sgstaefa.ch\/\" target=\"_blank\" rel=\"noreferrer noopener\" aria-label=\"Sch\u00fctzengesellschaft St\u00e4fa  (opens in a new tab)\">Sch\u00fctzengesellschaft St\u00e4fa <\/a><\/td><td> Partner Verein &#8211; 300M <\/td><\/tr><tr><td><a href=\"http:\/\/www.sps-maennedorf.ch\/\" target=\"_blank\" rel=\"noreferrer noopener\" aria-label=\"Sportsch\u00fctzen M\u00e4nnedorf (opens in a new tab)\">Sportsch\u00fctzen M\u00e4nnedorf<\/a><\/td><td>Kleinkaliber &#8211;  50M<\/td><\/tr><tr><td><a href=\"http:\/\/www.psvm.ch\/\">Pistolenschiessverein M\u00e4nnedorf<\/a><\/td><td>Pistolen &#8211; 50M<\/td><\/tr><\/tbody><\/table><\/figure>\n\n\n\n<p><strong>Andere Links<\/strong><\/p>\n\n\n\n<figure class=\"wp-block-table\"><table><tbody><tr><td><a href=\"https:\/\/www.swissshooting.ch\/\" target=\"_blank\" rel=\"noreferrer noopener\" aria-label=\"Schweizer Schiesssportverband (opens in a new tab)\">Schweizer Schiesssportverband<\/a><\/td><td><\/td><\/tr><tr><td><a href=\"http:\/\/www.zhsv.ch\/\" target=\"_blank\" rel=\"noreferrer noopener\" aria-label=\"Z\u00fcrcher Schiesssportverband (opens in a new tab)\">Z\u00fcrcher Schiesssportverband<\/a><\/td><td><\/td><\/tr><tr><td><a href=\"http:\/\/www.bsvm.ch\/\" target=\"_blank\" rel=\"noreferrer noopener\" aria-label=\"Bezirkssch\u00fctzenverband Meilen (opens in a new tab)\">Bezirkssch\u00fctzenverband Meilen<\/a><\/td><td><\/td><\/tr><\/tbody><\/table><\/figure>\n\n\n\n<p><\/p>\n","protected":false},"excerpt":{"rendered":"<p>Klicken Sie hier, um unsere Crossiety-Gruppe zu besuchen: https:\/\/crossiety.app\/groups\/11186 Sch\u00fctzenvereine in der Umgebung Sch\u00fctzengesellschaft Hombrechtikon Partner Verein &#8211; 300M Milit\u00e4r&hellip;<\/p>\n","protected":false},"author":1,"featured_media":430,"parent":0,"menu_order":0,"comment_status":"closed","ping_status":"closed","template":"","meta":{"ngg_post_thumbnail":0,"footnotes":""},"class_list":["post-64","page","type-page","status-publish","has-post-thumbnail","hentry"],"_links":{"self":[{"href":"https:\/\/www.sgmaennedorf.ch\/index.php\/wp-json\/wp\/v2\/pages\/64","targetHints":{"allow":["GET"]}}],"collection":[{"href":"https:\/\/www.sgmaennedorf.ch\/index.php\/wp-json\/wp\/v2\/pages"}],"about":[{"href":"https:\/\/www.sgmaennedorf.ch\/index.php\/wp-json\/wp\/v2\/types\/page"}],"author":[{"embeddable":true,"href":"https:\/\/www.sgmaennedorf.ch\/index.php\/wp-json\/wp\/v2\/users\/1"}],"replies":[{"embeddable":true,"href":"https:\/\/www.sgmaennedorf.ch\/index.php\/wp-json\/wp\/v2\/comments?post=64"}],"version-history":[{"count":0,"href":"https:\/\/www.sgmaennedorf.ch\/index.php\/wp-json\/wp\/v2\/pages\/64\/revisions"}],"wp:featuredmedia":[{"embeddable":true,"href":"https:\/\/www.sgmaennedorf.ch\/index.php\/wp-json\/wp\/v2\/media\/430"}],"wp:attachment":[{"href":"https:\/\/www.sgmaennedorf.ch\/index.php\/wp-json\/wp\/v2\/media?parent=64"}],"curies":[{"name":"wp","href":"https:\/\/api.w.org\/{rel}","templated":true}]}}